-4*l(u) + 5*z(u). List the prime factors of t(1).
2, 3, 17
Suppose -10 = -5*h - 5*y, -h + 4*y + 10 = 4*h. Suppose h*i - 897 = 939. Suppose 5*o - i = z, 3*o - z - 354 = 198. List the prime factors of o.
3, 61
Suppose 0*b + 2*m = -4*b + 300, -8 = -4*m. Let x = b - -202. What are the prime factors of x?
2, 3, 23
Let y be 63/(-14)*(-1)/9*10. Let o be 27/((y - 4) + -2). Let u = o - -33. What are the prime factors of u?
2, 3
Let r be 196/(-56) + 0 + (-6)/(-4). Let v be 1 - (r + (-3)/(-1)). What are the prime factors of 18*(v - -2)*1?
2, 3
Suppose -358*a + 163*a = -173*a - 467214. List the prime factors of a.
3, 7079
Suppose -5*z = 2*b - 915, -81*z + 86*z = -4*b + 1815. Suppose -10 = -3*y - 2*y. Suppose c = -y*c + b. What are the prime factors of c?
2, 3, 5
List the prime factors of (-2)/2*(7 - (14 + -9)) + 676.
2, 337
Suppose 8*s = 4*s + 16. Suppose 9*z - 1436 = 5*z + 4*q, -5*q = -s*z + 1432. List the prime factors of z.
3, 11
Let y(l) = -4*l + 125. Let r be y(29). Suppose -r*c = -0*c - 6480. What are the prime factors of c?
2, 3, 5
Suppose -5*d = 0, -5*m + 6*d + 77995 = 9*d. What are the prime factors of m?
19, 821
Suppose 15*h - 11468 - 7552 = 0. Suppose 3196 = 9*f - h. List the prime factors of f.
2, 31
Suppose -3*v = v - 208. Let z(n) = n**2 - 28*n. Let c be z(-2). Let g = v + c. List the prime factors of g.
2, 7
Suppose 3*q - a = 11, 0*q = 3*q - 2*a - 10. Let g be 4 + -2 - -1 - (-18)/(-6). Suppose q*b - 4*r - 126 = 58, g = -5*r. List the prime factors of b.
2, 23
Suppose -3*t + 20 = 2*t. Let r be (-3)/(36/(-84)*14/t). Suppose 122 = r*q + c, -c = -q + 6*q - 311. List the prime factors of q.
3, 7
Let z be (-9)/(-2*(-24)/128). List the prime factors of (-31400)/z + (0 - 4/(-6)).
7, 11, 17
Let x be (-4)/(-30) - ((-321)/(-45) + -3). List the prime factors of x/42 + 96941/273.
5, 71
Suppose -2 = 4*z + 2. Let s(h) = -4*h + 1. Let w be s(z). Suppose x + 3*i = 144, 150 = -w*x + 3*i + 798. List the prime factors of x.
2, 3, 11
Let h(r) = 980*r - 40*r**3 + r**2 + 2 - 1957*r + 980*r. Suppose 2*c - 3 = -j, 0 = 2*c + c - 6. What are the prime factors of h(j)?
2, 5
Let t be (-91)/65 + (-3)/5. Let x = t + 1. What are the prime factors of 308/(-5 + 1)*x?
7, 11
Suppose -3*t = 5*x - 45572, -54*x - 5*t - 36428 = -58*x. What are the prime factors of x?
2, 17, 67
Let v = -7471 - -15443. What are the prime factors of v?
2, 1993
Suppose 0*c - 5*o = -3*c + 35, -2*o + 17 = 5*c. Suppose -c*q + 7155 = w, 3*w - 829 = -q + 616. What are the prime factors of q?
2, 5, 11, 13
Let g be (-5 + (-21)/6)*-10. Suppose -10895 - g = -9*z. What are the prime factors of z?
2, 5, 61
Let u(p) = -897*p**3 + 14*p**2 + 9*p + 29. What are the prime factors of u(-3)?
97, 251
Suppose -133*x + 140489 = -114*x - 3607. What are the prime factors of x?
2, 3, 79
Suppose 3*n + 30 = 5*o, 3*o - 4*n - 24 = -o. Suppose -9*m + o = -8*m. What are the prime factors of 1 - (-305)/(-1 + m)?
2, 31
Suppose 2*l - 3*l = -4. Let k(t) = t**2 - 3*t - 16. Let r be k(l). List the prime factors of (1 + 38/(-6))*r - 1.
3, 7
Suppose -99062 = -8*c + 36314. List the prime factors of c.
2, 8461
Let d(u) = 112*u + 11. Let p(n) = 56*n + 5. Let y(t) = -3*d(t) + 5*p(t). List the prime factors of y(-6).
2, 41
Let a be ((-12)/(-8) + 3/6)*-2. Let q(g) = -70*g + 20. Let x be q(a). Suppose 4*j + j = x. What are the prime factors of j?
2, 3, 5
Suppose 0 = -5*j - 2*r + 19248, 3*j - 2*j + 2*r - 3856 = 0. Suppose -5114 = -4*c + 3*n, 3*c - n - j = -5*n. What are the prime factors of c?
2, 5
Let y(p) = 2*p**3 - 8*p**2 + 3*p - 17. Let o be (168/(-35))/(-4)*15/3. List the prime factors of y(o).
5, 29
Suppose 5*d - 3*u = 152185 - 2801, 0 = -5*d + u + 149398. What are the prime factors of d?
29881
Let u(f) = -4*f + 21. Let h be u(0). Suppose -5*i = -2*w + h, -2*i - i - 3*w = 0. What are the prime factors of i/6*1*-127*2?
127
Suppose -9 = u + 5*q - 27, 0 = 4*u + 5*q - 57. Suppose u*g = 3*g + 18040. List the prime factors of g.
2, 11, 41
Let d(r) = -r**2 + 6*r + 5. Let w be d(6). Suppose 0 = -v - 3*s + 24, -v + w*s - 3 - 5 = 0. List the prime factors of (-2)/v*4 + 1264/6.
2, 3, 5, 7
Suppose 26051 = 4*g - 5*s, -5*g + 41446 - 8876 = -5*s. What are the prime factors of g?
3, 41, 53
Suppose 8*r = 7*r + 3. Suppose 4 = 2*q, q + 112 = 3*z + r*q. List the prime factors of 3 + z + (-6)/(-2) + -1.
41
Let p(b) = 4*b**2 + 209*b + 2805. What are the prime factors of p(-139)?
2, 13, 151
List the prime factors of 8884 - -49*15/(-105).
3, 11, 269
Suppose -2*u - 3*a = -6891, 10*a - 3 = 7*a. List the prime factors of u.
2, 3, 7, 41
Let x = 41516 + -29294. What are the prime factors of x?
2, 3, 7, 97
Let c(x) = -3787*x**3 + 3*x**2 - 2*x - 12. What are the prime factors of c(-2)?
2, 3, 5, 101
Let d(w) = -9*w**3 - 1107*w**2 - 14*w + 281. What are the prime factors of d(-123)?
2003
Let y(o) = 53*o + 6. Let u be 1*6 - (-24)/6. What are the prime factors of y(u)?
2, 67
Let y(b) = 19 - b + 23 - 9 + 20*b. Let x be y(-6). Let c = 145 + x. List the prime factors of c.
2
Suppose -3*m + 3 = 3*c, -c + 2*m + 4 = -0*c. Let y(v) = -4 + 5*v - 2*v**3 - 2*v**2 + v**3 + 2 + c*v**3. List the prime factors of y(6).
2, 43
Suppose 0 = 5*s - 8*h + 4*h - 45, -20 = 4*h. Let m(k) = -2*k + 10. Let u be m(s). Let j = 25 + u. List the prime factors of j.
5
Let b = -34468 + 63289. What are the prime factors of b?
3, 13, 739
List the prime factors of 10/4*((-2576)/70)/(-2).
2, 23
Let m be 388/28 + 5 + 68/(-14). List the prime factors of 2*3/21 - (-2390)/m.
3, 19
Let l = -86 - -87. Let g be (32/12)/(l/3). What are the prime factors of (-4)/g*(-2*51)/3?
17
Let a = 109693 - 76071. What are the prime factors of a?
2, 16811
Let o = 4462 + 24995. What are the prime factors of o?
3, 1091
Let f(q) = -3*q**2 + 16*q + 12. Let g(z) = z**2 + z - 1. Let v(j) = f(j) + 4*g(j). List the prime factors of v(-20).
2
Let j be (0 - -1056)/(-4 + (-45)/(-10)). Let u = j - 1492. Suppose -3*q + u = 7*q. What are the prime factors of q?
2, 31
Let q(i) = -71*i**3 + 6*i**2 - 2*i - 9. Let s be q(-2). Suppose 0 = -2*y + 1023 + s. List the prime factors of y.
5, 7, 23
Suppose 33*s - 4*s - 29 = 0. Suppose 2*l - 14 = -2. List the prime factors of (-6)/l - (-89)/s.
2, 11
What are the prime factors of (-2 + 122960/(-4))/((-285)/30 + 9)?
2, 19, 809
List the prime factors of (-140)/6*(-461 + (-300)/(-15)).
2, 3, 5, 7
Suppose 13*f + 9*f + 60*f = 3017600. List the prime factors of f.
2, 5, 23
Let b(h) = -55*h + 949. Suppose 4*c + 16 = -10*v + 6*v, 4*v = c + 4. List the prime factors of b(v).
13, 73
List the prime factors of ((-548225)/155 - 14/217)/((-1)/3).
3, 131
What are the prime factors of 28/(23/(-147430)*-10)?
2, 7, 641
Suppose -158066 + 108219 = -53*b + 501353. What are the prime factors of b?
2, 5, 13
Suppose -3*i + 4 + 1 = 5*p, -2*i - p = -8. Let s(k) = 19*k**2 - 9*k - 3. What are the prime factors of s(i)?
7, 61
Let w = 86 - 84. Suppose 7*f - 90 = -w*f. List the prime factors of f.
2, 5
Let m be 20/(-8)*8/(-4). Suppose 4*q - m*q - 1 = 0. List the prime factors of ((-90)/40)/(q/40).
2, 3, 5
Let y = -61 + 73. Let p be (-1455)/(-25) + y/15. Suppose 3*c - 3 = 0, 4*u - c - 44 = p. List the prime factors of u.
2, 13
Let q(z) = 3*z**2 - 5*z + 16. Let f be ((-15)/5 - -7) + (2 - 10). Let b(l) = l**3 + 4*l**2 - 6*l - 14. Let o be b(f). What are the prime factors of q(o)?
2, 7, 19
Let p be 2/1 + (4 - (152 + 1)). Let b = 1058 - p. List the prime factors of b.
5, 241
Let v be (-12)/63*-30 - 24/(-84). List the prime factors of 7*v*(-1256)/(-56).
2, 3, 157
Let v(y) = 30*y**2 + 38*y + 499. List the prime factors of v(-9).
13, 199
Let r(p) be the third derivative of 1489*p**4/24 + p**3/6 + 5*p**2. Let w be r(1). What are the prime factors of w/18 + 12/54?
83
Suppose -174*g + 339442 = -2655272. What are the prime factors of g?
3, 5737
Let y(r) be the third derivative of r**5/60 - 3*r**3/2 + r**2. Let g be 2*3*(28/12 - 1). What are the prime factors of y(g)?
5, 11
Let g = -4422 - -27651. List the prime factors of g.
3, 29, 89
Suppose 3*c = 5*v + 21, 3*c - 4 = 7*c + 4*v. Suppose -4*o + 2434 = 3*f, 2*o + c*f = -0*f + 1218. List the prime factors of o.
607
Let y = 66 - 60. Suppose -18 = -2*t - d + 5*d, 3*t + y = -5*d. What are the prime factors of ((-348)/(-2))/(3/t)?
2, 3, 29
Let w(g) = 6*g + 13. Let m be w(-2). Let x(d) = 306*d**2 + 5*d